{"id":7463,"date":"2023-09-15T17:11:04","date_gmt":"2023-09-15T15:11:04","guid":{"rendered":"https:\/\/www.galeriawprzyziemiu.pl\/galeria\/?post_type=product&#038;p=7463"},"modified":"2023-09-15T17:11:04","modified_gmt":"2023-09-15T15:11:04","slug":"dobieslaw-gala-z-cyklu-strefa-79-4","status":"publish","type":"product","link":"https:\/\/www.galeriawprzyziemiu.pl\/galeria\/artwork\/dobieslaw-gala-z-cyklu-strefa-79-4\/","title":{"rendered":"Dobies\u0142aw Ga\u0142a, z cyklu 'Strefa 79&#8242;"},"content":{"rendered":"","protected":false},"excerpt":{"rendered":"<h1><strong>Dobies\u0142aw Ga\u0142a<br \/>\n<\/strong><\/h1>\n<hr>\n<h2>z cyklu: <strong><em>Strefa 79<br \/>\n<\/em><\/strong><\/h2>\n<h5>technika: <strong>w\u0142asna na p\u0142ycie<\/strong><br \/>\nwymiary: <strong>100 x 100 cm<br \/>\n<\/strong>rok: <strong>2022<br \/>\n<\/strong>oprawa: <strong>praca oprawiona w drewnian\u0105 ram\u0119 za szk\u0142em (104 x 104 cm)<\/strong><\/h5>\n","protected":false},"featured_media":7464,"template":"","meta":{"ngg_post_thumbnail":0},"product_brand":[],"product_cat":[302],"product_tag":[],"class_list":{"0":"post-7463","1":"product","2":"type-product","3":"status-publish","4":"has-post-thumbnail","6":"product_cat-dobieslaw-gala","8":"first","9":"instock","10":"taxable","11":"shipping-taxable","12":"purchasable","13":"product-type-simple"},"_links":{"self":[{"href":"https:\/\/www.galeriawprzyziemiu.pl\/galeria\/wp-json\/wp\/v2\/product\/7463","targetHints":{"allow":["GET"]}}],"collection":[{"href":"https:\/\/www.galeriawprzyziemiu.pl\/galeria\/wp-json\/wp\/v2\/product"}],"about":[{"href":"https:\/\/www.galeriawprzyziemiu.pl\/galeria\/wp-json\/wp\/v2\/types\/product"}],"wp:featuredmedia":[{"embeddable":true,"href":"https:\/\/www.galeriawprzyziemiu.pl\/galeria\/wp-json\/wp\/v2\/media\/7464"}],"wp:attachment":[{"href":"https:\/\/www.galeriawprzyziemiu.pl\/galeria\/wp-json\/wp\/v2\/media?parent=7463"}],"wp:term":[{"taxonomy":"product_brand","embeddable":true,"href":"https:\/\/www.galeriawprzyziemiu.pl\/galeria\/wp-json\/wp\/v2\/product_brand?post=7463"},{"taxonomy":"product_cat","embeddable":true,"href":"https:\/\/www.galeriawprzyziemiu.pl\/galeria\/wp-json\/wp\/v2\/product_cat?post=7463"},{"taxonomy":"product_tag","embeddable":true,"href":"https:\/\/www.galeriawprzyziemiu.pl\/galeria\/wp-json\/wp\/v2\/product_tag?post=7463"}],"curies":[{"name":"wp","href":"https:\/\/api.w.org\/{rel}","templated":true}]}}

Dobiesław Gała, z cyklu 'Strefa 79&#8242;

<h1><strong>Dobiesław Gała<br />
</strong></h1>
<hr>
<h2>z cyklu: <strong><em>Strefa 79<br />
</em></strong></h2>
<h5>technika: <strong>własna na płycie</strong><br />
wymiary: <strong>100 x 100 cm<br />
</strong>rok: <strong>2022<br />
</strong>oprawa: <strong>praca oprawiona w drewnianą ramę za szkłem (104 x 104 cm)</strong></h5>
