{"id":6733,"date":"2023-03-23T14:07:05","date_gmt":"2023-03-23T13:07:05","guid":{"rendered":"https:\/\/www.galeriawprzyziemiu.pl\/galeria\/?post_type=product&#038;p=6733"},"modified":"2023-03-23T14:10:32","modified_gmt":"2023-03-23T13:10:32","slug":"gabi-buzek-ustalona-kolejnosc-zdarzen-i","status":"publish","type":"product","link":"https:\/\/www.galeriawprzyziemiu.pl\/galeria\/artwork\/gabi-buzek-ustalona-kolejnosc-zdarzen-i\/","title":{"rendered":"Gabi Buzek 'Ustalona kolejno\u015b\u0107 zdarze\u0144 I&#8217;"},"content":{"rendered":"","protected":false},"excerpt":{"rendered":"<h1><strong>Gabi Buzek<br \/>\n<\/strong><\/h1>\n<hr>\n<h2>tytu\u0142: <strong><em>Ustalona kolejno\u015b\u0107 zdarze\u0144 I<br \/>\n<\/em><\/strong><\/h2>\n<h5>technika:&nbsp;<strong>akryl na p\u0142\u00f3tnie<\/strong><br \/>\nwymiary: <strong>20 x 20 cm<br \/>\n<\/strong>rok:&nbsp;<strong>2023<\/strong><\/h5>\n","protected":false},"featured_media":6734,"template":"","meta":{"ngg_post_thumbnail":0},"product_brand":[],"product_cat":[369],"product_tag":[],"class_list":{"0":"post-6733","1":"product","2":"type-product","3":"status-publish","4":"has-post-thumbnail","6":"product_cat-gabi-buzek","8":"first","9":"instock","10":"taxable","11":"shipping-taxable","12":"purchasable","13":"product-type-simple"},"_links":{"self":[{"href":"https:\/\/www.galeriawprzyziemiu.pl\/galeria\/wp-json\/wp\/v2\/product\/6733","targetHints":{"allow":["GET"]}}],"collection":[{"href":"https:\/\/www.galeriawprzyziemiu.pl\/galeria\/wp-json\/wp\/v2\/product"}],"about":[{"href":"https:\/\/www.galeriawprzyziemiu.pl\/galeria\/wp-json\/wp\/v2\/types\/product"}],"wp:featuredmedia":[{"embeddable":true,"href":"https:\/\/www.galeriawprzyziemiu.pl\/galeria\/wp-json\/wp\/v2\/media\/6734"}],"wp:attachment":[{"href":"https:\/\/www.galeriawprzyziemiu.pl\/galeria\/wp-json\/wp\/v2\/media?parent=6733"}],"wp:term":[{"taxonomy":"product_brand","embeddable":true,"href":"https:\/\/www.galeriawprzyziemiu.pl\/galeria\/wp-json\/wp\/v2\/product_brand?post=6733"},{"taxonomy":"product_cat","embeddable":true,"href":"https:\/\/www.galeriawprzyziemiu.pl\/galeria\/wp-json\/wp\/v2\/product_cat?post=6733"},{"taxonomy":"product_tag","embeddable":true,"href":"https:\/\/www.galeriawprzyziemiu.pl\/galeria\/wp-json\/wp\/v2\/product_tag?post=6733"}],"curies":[{"name":"wp","href":"https:\/\/api.w.org\/{rel}","templated":true}]}}

Gabi Buzek 'Ustalona kolejność zdarzeń I&#8217;

<h1><strong>Gabi Buzek<br />
</strong></h1>
<hr>
<h2>tytuł: <strong><em>Ustalona kolejność zdarzeń I<br />
</em></strong></h2>
<h5>technika:&nbsp;<strong>akryl na płótnie</strong><br />
wymiary: <strong>20 x 20 cm<br />
</strong>rok:&nbsp;<strong>2023</strong></h5>
