{"id":4299,"date":"2022-08-02T17:56:49","date_gmt":"2022-08-02T15:56:49","guid":{"rendered":"https:\/\/www.galeriawprzyziemiu.pl\/galeria\/?post_type=product&#038;p=4299"},"modified":"2022-10-24T13:59:28","modified_gmt":"2022-10-24T11:59:28","slug":"barbara-cyran-przywiazanie","status":"publish","type":"product","link":"https:\/\/www.galeriawprzyziemiu.pl\/galeria\/artwork\/barbara-cyran-przywiazanie\/","title":{"rendered":"Barbara Cyran 'Przywi\u0105zanie&#8217;"},"content":{"rendered":"<p><img fetchpriority=\"high\" decoding=\"async\" class=\"alignnone wp-image-2406 size-full\" src=\"https:\/\/www.galeriawprzyziemiu.pl\/galeria\/wp-content\/uploads\/2022\/03\/13-Barbara-Cyran-Przywiazanie-technika-mieszana-plotno-100-x100cm-2021.jpg\" alt=\"\" width=\"1000\" height=\"1000\" srcset=\"https:\/\/www.galeriawprzyziemiu.pl\/galeria\/wp-content\/uploads\/2022\/03\/13-Barbara-Cyran-Przywiazanie-technika-mieszana-plotno-100-x100cm-2021.jpg 1000w, https:\/\/www.galeriawprzyziemiu.pl\/galeria\/wp-content\/uploads\/2022\/03\/13-Barbara-Cyran-Przywiazanie-technika-mieszana-plotno-100-x100cm-2021-324x324.jpg 324w, https:\/\/www.galeriawprzyziemiu.pl\/galeria\/wp-content\/uploads\/2022\/03\/13-Barbara-Cyran-Przywiazanie-technika-mieszana-plotno-100-x100cm-2021-100x100.jpg 100w, https:\/\/www.galeriawprzyziemiu.pl\/galeria\/wp-content\/uploads\/2022\/03\/13-Barbara-Cyran-Przywiazanie-technika-mieszana-plotno-100-x100cm-2021-416x416.jpg 416w, https:\/\/www.galeriawprzyziemiu.pl\/galeria\/wp-content\/uploads\/2022\/03\/13-Barbara-Cyran-Przywiazanie-technika-mieszana-plotno-100-x100cm-2021-300x300.jpg 300w, https:\/\/www.galeriawprzyziemiu.pl\/galeria\/wp-content\/uploads\/2022\/03\/13-Barbara-Cyran-Przywiazanie-technika-mieszana-plotno-100-x100cm-2021-150x150.jpg 150w, https:\/\/www.galeriawprzyziemiu.pl\/galeria\/wp-content\/uploads\/2022\/03\/13-Barbara-Cyran-Przywiazanie-technika-mieszana-plotno-100-x100cm-2021-768x768.jpg 768w\" sizes=\"(max-width: 1000px) 100vw, 1000px\" \/><\/p>\n","protected":false},"excerpt":{"rendered":"<h1><strong>Barbara Cyran<\/strong><\/h1>\n<hr>\n<h2>tytu\u0142: <strong><em>Przywi\u0105zanie<\/em><\/strong><\/h2>\n<h5>technika: <strong>w\u0142asna na p\u0142\u00f3tnie<\/strong><br \/>\nwymiary: <strong>100 x 100 cm<\/strong><br \/>\nrok: <strong>2021<\/strong><\/h5>\n","protected":false},"featured_media":2406,"template":"","meta":{"ngg_post_thumbnail":0},"product_brand":[],"product_cat":[58],"product_tag":[],"class_list":{"0":"post-4299","1":"product","2":"type-product","3":"status-publish","4":"has-post-thumbnail","6":"product_cat-barbara-cyran","8":"first","9":"instock","10":"taxable","11":"shipping-taxable","12":"purchasable","13":"product-type-simple"},"_links":{"self":[{"href":"https:\/\/www.galeriawprzyziemiu.pl\/galeria\/wp-json\/wp\/v2\/product\/4299","targetHints":{"allow":["GET"]}}],"collection":[{"href":"https:\/\/www.galeriawprzyziemiu.pl\/galeria\/wp-json\/wp\/v2\/product"}],"about":[{"href":"https:\/\/www.galeriawprzyziemiu.pl\/galeria\/wp-json\/wp\/v2\/types\/product"}],"wp:featuredmedia":[{"embeddable":true,"href":"https:\/\/www.galeriawprzyziemiu.pl\/galeria\/wp-json\/wp\/v2\/media\/2406"}],"wp:attachment":[{"href":"https:\/\/www.galeriawprzyziemiu.pl\/galeria\/wp-json\/wp\/v2\/media?parent=4299"}],"wp:term":[{"taxonomy":"product_brand","embeddable":true,"href":"https:\/\/www.galeriawprzyziemiu.pl\/galeria\/wp-json\/wp\/v2\/product_brand?post=4299"},{"taxonomy":"product_cat","embeddable":true,"href":"https:\/\/www.galeriawprzyziemiu.pl\/galeria\/wp-json\/wp\/v2\/product_cat?post=4299"},{"taxonomy":"product_tag","embeddable":true,"href":"https:\/\/www.galeriawprzyziemiu.pl\/galeria\/wp-json\/wp\/v2\/product_tag?post=4299"}],"curies":[{"name":"wp","href":"https:\/\/api.w.org\/{rel}","templated":true}]}}