{"id":4228,"date":"2022-07-29T14:31:45","date_gmt":"2022-07-29T12:31:45","guid":{"rendered":"https:\/\/www.galeriawprzyziemiu.pl\/galeria\/?post_type=product&#038;p=4228"},"modified":"2023-04-26T14:42:45","modified_gmt":"2023-04-26T12:42:45","slug":"jan-bosak-akt-lezacy","status":"publish","type":"product","link":"https:\/\/www.galeriawprzyziemiu.pl\/galeria\/artwork\/jan-bosak-akt-lezacy\/","title":{"rendered":"Jan Bosak 'Akt le\u017c\u0105cy&#8217;"},"content":{"rendered":"<p><img fetchpriority=\"high\" decoding=\"async\" class=\"alignnone wp-image-2075 size-full\" src=\"https:\/\/www.galeriawprzyziemiu.pl\/galeria\/wp-content\/uploads\/2022\/03\/Jan-Bosak-Akt-lezacy-szablon-monotypia-100x70-2021.jpg\" alt=\"\" width=\"1000\" height=\"700\" srcset=\"https:\/\/www.galeriawprzyziemiu.pl\/galeria\/wp-content\/uploads\/2022\/03\/Jan-Bosak-Akt-lezacy-szablon-monotypia-100x70-2021.jpg 1000w, https:\/\/www.galeriawprzyziemiu.pl\/galeria\/wp-content\/uploads\/2022\/03\/Jan-Bosak-Akt-lezacy-szablon-monotypia-100x70-2021-416x291.jpg 416w, https:\/\/www.galeriawprzyziemiu.pl\/galeria\/wp-content\/uploads\/2022\/03\/Jan-Bosak-Akt-lezacy-szablon-monotypia-100x70-2021-300x210.jpg 300w, https:\/\/www.galeriawprzyziemiu.pl\/galeria\/wp-content\/uploads\/2022\/03\/Jan-Bosak-Akt-lezacy-szablon-monotypia-100x70-2021-768x538.jpg 768w, https:\/\/www.galeriawprzyziemiu.pl\/galeria\/wp-content\/uploads\/2022\/03\/Jan-Bosak-Akt-lezacy-szablon-monotypia-100x70-2021-324x227.jpg 324w\" sizes=\"(max-width: 1000px) 100vw, 1000px\" \/><\/p>\n","protected":false},"excerpt":{"rendered":"<h1><strong>Jan Bosak<\/strong><\/h1>\n<hr>\n<h3>tytu\u0142: <strong><em>Akt le\u017c\u0105cy<\/em><\/strong><\/h3>\n<h5>technika: <strong>szablon, monotypia<\/strong><br \/>\nrozmiar arkusza: <strong>70 x 100 cm<\/strong><br \/>\nrok: <strong>2021<\/strong><\/h5>\n<h6><strong>praca sprzedawana wraz z opraw\u0105<\/strong><\/h6>\n","protected":false},"featured_media":2075,"template":"","meta":{"ngg_post_thumbnail":0},"product_brand":[],"product_cat":[59],"product_tag":[],"class_list":{"0":"post-4228","1":"product","2":"type-product","3":"status-publish","4":"has-post-thumbnail","6":"product_cat-jan-bosak","8":"first","9":"instock","10":"taxable","11":"shipping-taxable","12":"purchasable","13":"product-type-simple"},"_links":{"self":[{"href":"https:\/\/www.galeriawprzyziemiu.pl\/galeria\/wp-json\/wp\/v2\/product\/4228","targetHints":{"allow":["GET"]}}],"collection":[{"href":"https:\/\/www.galeriawprzyziemiu.pl\/galeria\/wp-json\/wp\/v2\/product"}],"about":[{"href":"https:\/\/www.galeriawprzyziemiu.pl\/galeria\/wp-json\/wp\/v2\/types\/product"}],"wp:featuredmedia":[{"embeddable":true,"href":"https:\/\/www.galeriawprzyziemiu.pl\/galeria\/wp-json\/wp\/v2\/media\/2075"}],"wp:attachment":[{"href":"https:\/\/www.galeriawprzyziemiu.pl\/galeria\/wp-json\/wp\/v2\/media?parent=4228"}],"wp:term":[{"taxonomy":"product_brand","embeddable":true,"href":"https:\/\/www.galeriawprzyziemiu.pl\/galeria\/wp-json\/wp\/v2\/product_brand?post=4228"},{"taxonomy":"product_cat","embeddable":true,"href":"https:\/\/www.galeriawprzyziemiu.pl\/galeria\/wp-json\/wp\/v2\/product_cat?post=4228"},{"taxonomy":"product_tag","embeddable":true,"href":"https:\/\/www.galeriawprzyziemiu.pl\/galeria\/wp-json\/wp\/v2\/product_tag?post=4228"}],"curies":[{"name":"wp","href":"https:\/\/api.w.org\/{rel}","templated":true}]}}

Jan Bosak 'Akt leżący&#8217;

<h1><strong>Jan Bosak</strong></h1>
<hr>
<h3>tytuł: <strong><em>Akt leżący</em></strong></h3>
<h5>technika: <strong>szablon, monotypia</strong><br />
rozmiar arkusza: <strong>70 x 100 cm</strong><br />
rok: <strong>2021</strong></h5>
<h6><strong>praca sprzedawana wraz z oprawą</strong></h6>
